{"id":1410,"date":"2021-08-05T17:49:09","date_gmt":"2021-08-05T15:49:09","guid":{"rendered":"http:\/\/reddunesgallery.com\/?page_id=1410"},"modified":"2025-02-12T14:30:44","modified_gmt":"2025-02-12T13:30:44","slug":"red-dunes-gallery-dans-le-village-de-mougins","status":"publish","type":"page","link":"http:\/\/reddunesgallery.com\/?page_id=1410","title":{"rendered":"Galerie permanente dans le Village de Mougins"},"content":{"rendered":"<p>&nbsp;<\/p>\n<p>C&#8217;est avec joie que Red Dunes Gallery vous accueille dans un nouvel espace permanent dans le magnifique <strong>Village de Mougins au 10 rue Commandeur<\/strong> juste \u00e0 l&#8217;entr\u00e9e du village \u00e0 gauche. Pour suivre nos actualit\u00e9s visitez notre page Facebook.<\/p>\n<p>&nbsp;<\/p>\n<p><img decoding=\"async\" loading=\"lazy\" class=\"alignnone wp-image-1658 size-full\" src=\"http:\/\/reddunesgallery.com\/wp-content\/uploads\/2025\/02\/IMG_0276-scaled.jpeg\" alt=\"\" width=\"2560\" height=\"1920\" srcset=\"http:\/\/reddunesgallery.com\/wp-content\/uploads\/2025\/02\/IMG_0276-scaled.jpeg 2560w, http:\/\/reddunesgallery.com\/wp-content\/uploads\/2025\/02\/IMG_0276-300x225.jpeg 300w, http:\/\/reddunesgallery.com\/wp-content\/uploads\/2025\/02\/IMG_0276-1024x768.jpeg 1024w, http:\/\/reddunesgallery.com\/wp-content\/uploads\/2025\/02\/IMG_0276-768x576.jpeg 768w, http:\/\/reddunesgallery.com\/wp-content\/uploads\/2025\/02\/IMG_0276-1536x1152.jpeg 1536w, http:\/\/reddunesgallery.com\/wp-content\/uploads\/2025\/02\/IMG_0276-2048x1536.jpeg 2048w, http:\/\/reddunesgallery.com\/wp-content\/uploads\/2025\/02\/IMG_0276-800x600.jpeg 800w, http:\/\/reddunesgallery.com\/wp-content\/uploads\/2025\/02\/IMG_0276-1200x900.jpeg 1200w, http:\/\/reddunesgallery.com\/wp-content\/uploads\/2025\/02\/IMG_0276-1400x1050.jpeg 1400w\" sizes=\"(max-width: 2560px) 100vw, 2560px\" \/> <img decoding=\"async\" loading=\"lazy\" class=\"aligncenter wp-image-1436 size-full\" src=\"http:\/\/reddunesgallery.com\/wp-content\/uploads\/2021\/11\/UNADJUSTEDNONRAW_thumb_4d1b.jpg\" alt=\"\" width=\"1024\" height=\"768\" srcset=\"http:\/\/reddunesgallery.com\/wp-content\/uploads\/2021\/11\/UNADJUSTEDNONRAW_thumb_4d1b.jpg 1024w, http:\/\/reddunesgallery.com\/wp-content\/uploads\/2021\/11\/UNADJUSTEDNONRAW_thumb_4d1b-300x225.jpg 300w, http:\/\/reddunesgallery.com\/wp-content\/uploads\/2021\/11\/UNADJUSTEDNONRAW_thumb_4d1b-768x576.jpg 768w, http:\/\/reddunesgallery.com\/wp-content\/uploads\/2021\/11\/UNADJUSTEDNONRAW_thumb_4d1b-800x600.jpg 800w\" sizes=\"(max-width: 1024px) 100vw, 1024px\" \/> <img decoding=\"async\" loading=\"lazy\" class=\"alignnone wp-image-1659 size-full\" src=\"http:\/\/reddunesgallery.com\/wp-content\/uploads\/2025\/02\/IMG_0279-scaled.jpeg\" alt=\"\" width=\"2560\" height=\"1920\" srcset=\"http:\/\/reddunesgallery.com\/wp-content\/uploads\/2025\/02\/IMG_0279-scaled.jpeg 2560w, http:\/\/reddunesgallery.com\/wp-content\/uploads\/2025\/02\/IMG_0279-300x225.jpeg 300w, http:\/\/reddunesgallery.com\/wp-content\/uploads\/2025\/02\/IMG_0279-1024x768.jpeg 1024w, http:\/\/reddunesgallery.com\/wp-content\/uploads\/2025\/02\/IMG_0279-768x576.jpeg 768w, http:\/\/reddunesgallery.com\/wp-content\/uploads\/2025\/02\/IMG_0279-1536x1152.jpeg 1536w, http:\/\/reddunesgallery.com\/wp-content\/uploads\/2025\/02\/IMG_0279-2048x1536.jpeg 2048w, http:\/\/reddunesgallery.com\/wp-content\/uploads\/2025\/02\/IMG_0279-800x600.jpeg 800w, http:\/\/reddunesgallery.com\/wp-content\/uploads\/2025\/02\/IMG_0279-1200x900.jpeg 1200w, http:\/\/reddunesgallery.com\/wp-content\/uploads\/2025\/02\/IMG_0279-1400x1050.jpeg 1400w\" sizes=\"(max-width: 2560px) 100vw, 2560px\" \/><\/p>\n","protected":false},"excerpt":{"rendered":"<p>&nbsp; C&#8217;est avec joie que Red Dunes Gallery vous accueille dans un nouvel espace permanent dans le magnifique Village de Mougins au 10 rue Commandeur juste \u00e0 l&#8217;entr\u00e9e du village \u00e0 gauche. Pour suivre nos actualit\u00e9s visitez notre page Facebook. &nbsp;<\/p>\n","protected":false},"author":1,"featured_media":0,"parent":0,"menu_order":0,"comment_status":"closed","ping_status":"closed","template":"","meta":{"footnotes":""},"_links":{"self":[{"href":"http:\/\/reddunesgallery.com\/index.php?rest_route=\/wp\/v2\/pages\/1410"}],"collection":[{"href":"http:\/\/reddunesgallery.com\/index.php?rest_route=\/wp\/v2\/pages"}],"about":[{"href":"http:\/\/reddunesgallery.com\/index.php?rest_route=\/wp\/v2\/types\/page"}],"author":[{"embeddable":true,"href":"http:\/\/reddunesgallery.com\/index.php?rest_route=\/wp\/v2\/users\/1"}],"replies":[{"embeddable":true,"href":"http:\/\/reddunesgallery.com\/index.php?rest_route=%2Fwp%2Fv2%2Fcomments&post=1410"}],"version-history":[{"count":17,"href":"http:\/\/reddunesgallery.com\/index.php?rest_route=\/wp\/v2\/pages\/1410\/revisions"}],"predecessor-version":[{"id":1660,"href":"http:\/\/reddunesgallery.com\/index.php?rest_route=\/wp\/v2\/pages\/1410\/revisions\/1660"}],"wp:attachment":[{"href":"http:\/\/reddunesgallery.com\/index.php?rest_route=%2Fwp%2Fv2%2Fmedia&parent=1410"}],"curies":[{"name":"wp","href":"https:\/\/api.w.org\/{rel}","templated":true}]}}